{"id":26771,"date":"2026-02-09T11:27:34","date_gmt":"2026-02-09T10:27:34","guid":{"rendered":"https:\/\/www.musicaenaccion.com\/?post_type=tribe_events&#038;p=26771"},"modified":"2026-02-09T11:27:34","modified_gmt":"2026-02-09T10:27:34","slug":"micro-abierto-2","status":"publish","type":"tribe_events","link":"https:\/\/www.musicaenaccion.com\/en\/eventos\/micro-abierto-2\/","title":{"rendered":"MICRO ABIERTO"},"content":{"rendered":"<div id=\"cmsmasters_row_\" class=\"cmsmasters_row cmsmasters_color_scheme_default cmsmasters_row_top_default cmsmasters_row_bot_default cmsmasters_row_boxed\">\n<div class=\"cmsmasters_row_outer_parent\">\n<div class=\"cmsmasters_row_outer\">\n<div class=\"cmsmasters_row_inner\">\n<div class=\"cmsmasters_row_margin\">\n<div id=\"cmsmasters_column_\" class=\"cmsmasters_column one_first\">\n<div class=\"cmsmasters_column_inner\"><div class=\"cmsmasters_text\">\n<h3><b>MICR\u00d3FONO ABIERTO MIMMA<\/b><\/h3>\n<h3><b>EL MUSEO INTERACTIVO DE LA M\u00daSICA DE M\u00c1LAGA ABRE SU ESCENARIO A LOS TALENTOS LOCALES<\/b><\/h3>\n<p><b>El MIMMA se complace en anunciar el lanzamiento de su nuevo proyecto \u00abMicr\u00f3fono abierto MIMMA\u00bb, una iniciativa del departamento de educaci\u00f3n que busca convertirse en un punto de encuentro vibrante para los artistas y amantes de la m\u00fasica en directo de la ciudad.<\/b><\/p>\n<p>Consciente de la necesidad de espacios donde los artistas locales puedan compartir su arte y conectar con el p\u00fablico, el MIMMA transformar\u00e1 su sala\u00a0<i>Living Lab\u00a0<\/i>en un escenario abierto mensualmente a partir del pr\u00f3ximo 29 de mayo a las 17:30.<\/p>\n<p>Ofrecer\u00e1 un formato \u00edntimo y ac\u00fastico, ideal para voces solistas e instrumentos. Esta propuesta, con una duraci\u00f3n aproximada de una hora, est\u00e1 abierta a p\u00fablico de todas las edades, buscando as\u00ed fomentar un ambiente joven, familiar y de disfrute musical intergeneracional.<\/p>\n<p>Cada sesi\u00f3n dar\u00e1 la oportunidad a los participantes de mostrar su talento en directo, con actuaciones de una duraci\u00f3n estimada de diez minutos. Los interesados en participar deber\u00e1n inscribirse previamente a trav\u00e9s de un formulario web, indicando sus datos, el t\u00edtulo de la canci\u00f3n, el equipamiento que aportar\u00e1n y sus necesidades t\u00e9cnicas.<\/p>\n<p>El precio de la entrada para disfrutar de las sesiones de micr\u00f3fono abierto, tanto para el p\u00fablico como para los artistas, ser\u00e1 de 6 euros, incluyendo tambi\u00e9n la visita al museo. Se trata de que la experiencia musical sea completa junto con el espacio muse\u00edstico\u00a0 que la envuelve.<\/p>\n<p>&nbsp;<\/p>\n<p class=\"p1\"><b><\/b><b>Aforo limitado a 80 personas<\/b><\/p>\n<\/div>\n<\/div><\/div>\n<\/div>\n<\/div>\n<\/div>\n<\/div>\n<\/div>\n\n","protected":false},"excerpt":{"rendered":"<p>MICRO ABIERTO<\/p>\n","protected":false},"author":4,"featured_media":0,"comment_status":"closed","ping_status":"closed","template":"","meta":{"_tribe_events_status":"","_tribe_events_status_reason":"","footnotes":""},"tags":[],"tribe_events_cat":[29],"class_list":["post-26771","tribe_events","type-tribe_events","status-publish","hentry","tribe_events_cat-conciertos","cat_conciertos"],"yoast_head":"<!-- This site is optimized with the Yoast SEO plugin v27.4 - https:\/\/yoast.com\/product\/yoast-seo-wordpress\/ -->\n<title>MICRO ABIERTO | Museo Interactivo de la M\u00fasica<\/title>\n<meta name=\"robots\" content=\"index, follow, max-snippet:-1, max-image-preview:large, max-video-preview:-1\" \/>\n<link rel=\"canonical\" href=\"https:\/\/www.musicaenaccion.com\/eventos\/micro-abierto-2\/\" \/>\n<meta property=\"og:locale\" content=\"en_US\" \/>\n<meta property=\"og:type\" content=\"article\" \/>\n<meta property=\"og:title\" content=\"MICRO ABIERTO | Museo Interactivo de la M\u00fasica\" \/>\n<meta property=\"og:description\" content=\"MICRO ABIERTO\" \/>\n<meta property=\"og:url\" content=\"https:\/\/www.musicaenaccion.com\/eventos\/micro-abierto-2\/\" \/>\n<meta property=\"og:site_name\" content=\"Museo Interactivo de la M\u00fasica\" \/>\n<meta property=\"article:publisher\" content=\"https:\/\/www.facebook.com\/MuseoMIMMA\/?epa=SEARCH_BOX\" \/>\n<meta name=\"twitter:card\" content=\"summary_large_image\" \/>\n<meta name=\"twitter:label1\" content=\"Est. reading time\" \/>\n\t<meta name=\"twitter:data1\" content=\"2 minutes\" \/>\n<script type=\"application\/ld+json\" class=\"yoast-schema-graph\">{\"@context\":\"https:\\\/\\\/schema.org\",\"@graph\":[{\"@type\":\"WebPage\",\"@id\":\"https:\\\/\\\/www.musicaenaccion.com\\\/eventos\\\/micro-abierto-2\\\/\",\"url\":\"https:\\\/\\\/www.musicaenaccion.com\\\/eventos\\\/micro-abierto-2\\\/\",\"name\":\"MICRO ABIERTO | Museo Interactivo de la M\u00fasica\",\"isPartOf\":{\"@id\":\"https:\\\/\\\/www.musicaenaccion.com\\\/#website\"},\"datePublished\":\"2026-02-09T10:27:34+00:00\",\"breadcrumb\":{\"@id\":\"https:\\\/\\\/www.musicaenaccion.com\\\/eventos\\\/micro-abierto-2\\\/#breadcrumb\"},\"inLanguage\":\"en-US\",\"potentialAction\":[{\"@type\":\"ReadAction\",\"target\":[\"https:\\\/\\\/www.musicaenaccion.com\\\/eventos\\\/micro-abierto-2\\\/\"]}]},{\"@type\":\"BreadcrumbList\",\"@id\":\"https:\\\/\\\/www.musicaenaccion.com\\\/eventos\\\/micro-abierto-2\\\/#breadcrumb\",\"itemListElement\":[{\"@type\":\"ListItem\",\"position\":1,\"name\":\"Portada\",\"item\":\"https:\\\/\\\/www.musicaenaccion.com\\\/en\\\/\"},{\"@type\":\"ListItem\",\"position\":2,\"name\":\"Eventos\",\"item\":\"https:\\\/\\\/www.musicaenaccion.com\\\/eventos\\\/\"},{\"@type\":\"ListItem\",\"position\":3,\"name\":\"MICRO ABIERTO\"}]},{\"@type\":\"WebSite\",\"@id\":\"https:\\\/\\\/www.musicaenaccion.com\\\/#website\",\"url\":\"https:\\\/\\\/www.musicaenaccion.com\\\/\",\"name\":\"Museo Interactivo de la M\u00fasica\",\"description\":\"Se Ruega Tocar\",\"publisher\":{\"@id\":\"https:\\\/\\\/www.musicaenaccion.com\\\/#organization\"},\"potentialAction\":[{\"@type\":\"SearchAction\",\"target\":{\"@type\":\"EntryPoint\",\"urlTemplate\":\"https:\\\/\\\/www.musicaenaccion.com\\\/?s={search_term_string}\"},\"query-input\":{\"@type\":\"PropertyValueSpecification\",\"valueRequired\":true,\"valueName\":\"search_term_string\"}}],\"inLanguage\":\"en-US\"},{\"@type\":\"Organization\",\"@id\":\"https:\\\/\\\/www.musicaenaccion.com\\\/#organization\",\"name\":\"Museo Interactivo de la M\u00fasica M\u00e1laga\",\"url\":\"https:\\\/\\\/www.musicaenaccion.com\\\/\",\"logo\":{\"@type\":\"ImageObject\",\"inLanguage\":\"en-US\",\"@id\":\"https:\\\/\\\/www.musicaenaccion.com\\\/#\\\/schema\\\/logo\\\/image\\\/\",\"url\":\"https:\\\/\\\/www.musicaenaccion.com\\\/wp-content\\\/uploads\\\/2019\\\/01\\\/cabecera-blanco.jpg\",\"contentUrl\":\"https:\\\/\\\/www.musicaenaccion.com\\\/wp-content\\\/uploads\\\/2019\\\/01\\\/cabecera-blanco.jpg\",\"width\":1920,\"height\":1080,\"caption\":\"Museo Interactivo de la M\u00fasica M\u00e1laga\"},\"image\":{\"@id\":\"https:\\\/\\\/www.musicaenaccion.com\\\/#\\\/schema\\\/logo\\\/image\\\/\"},\"sameAs\":[\"https:\\\/\\\/www.facebook.com\\\/MuseoMIMMA\\\/?epa=SEARCH_BOX\",\"https:\\\/\\\/www.instagram.com\\\/mimmamuseo\\\/\",\"https:\\\/\\\/www.linkedin.com\\\/in\\\/museointeractivodelamusica\\\/\",\"https:\\\/\\\/www.pinterest.es\\\/mimmamuseo\\\/\",\"https:\\\/\\\/www.youtube.com\\\/user\\\/musicaenaccion\"]}]}<\/script>\n<!-- \/ Yoast SEO plugin. -->","yoast_head_json":{"title":"MICRO ABIERTO | Museo Interactivo de la M\u00fasica","robots":{"index":"index","follow":"follow","max-snippet":"max-snippet:-1","max-image-preview":"max-image-preview:large","max-video-preview":"max-video-preview:-1"},"canonical":"https:\/\/www.musicaenaccion.com\/eventos\/micro-abierto-2\/","og_locale":"en_US","og_type":"article","og_title":"MICRO ABIERTO | Museo Interactivo de la M\u00fasica","og_description":"MICRO ABIERTO","og_url":"https:\/\/www.musicaenaccion.com\/eventos\/micro-abierto-2\/","og_site_name":"Museo Interactivo de la M\u00fasica","article_publisher":"https:\/\/www.facebook.com\/MuseoMIMMA\/?epa=SEARCH_BOX","twitter_card":"summary_large_image","twitter_misc":{"Est. reading time":"2 minutes"},"schema":{"@context":"https:\/\/schema.org","@graph":[{"@type":"WebPage","@id":"https:\/\/www.musicaenaccion.com\/eventos\/micro-abierto-2\/","url":"https:\/\/www.musicaenaccion.com\/eventos\/micro-abierto-2\/","name":"MICRO ABIERTO | Museo Interactivo de la M\u00fasica","isPartOf":{"@id":"https:\/\/www.musicaenaccion.com\/#website"},"datePublished":"2026-02-09T10:27:34+00:00","breadcrumb":{"@id":"https:\/\/www.musicaenaccion.com\/eventos\/micro-abierto-2\/#breadcrumb"},"inLanguage":"en-US","potentialAction":[{"@type":"ReadAction","target":["https:\/\/www.musicaenaccion.com\/eventos\/micro-abierto-2\/"]}]},{"@type":"BreadcrumbList","@id":"https:\/\/www.musicaenaccion.com\/eventos\/micro-abierto-2\/#breadcrumb","itemListElement":[{"@type":"ListItem","position":1,"name":"Portada","item":"https:\/\/www.musicaenaccion.com\/en\/"},{"@type":"ListItem","position":2,"name":"Eventos","item":"https:\/\/www.musicaenaccion.com\/eventos\/"},{"@type":"ListItem","position":3,"name":"MICRO ABIERTO"}]},{"@type":"WebSite","@id":"https:\/\/www.musicaenaccion.com\/#website","url":"https:\/\/www.musicaenaccion.com\/","name":"Museo Interactivo de la M\u00fasica","description":"Se Ruega Tocar","publisher":{"@id":"https:\/\/www.musicaenaccion.com\/#organization"},"potentialAction":[{"@type":"SearchAction","target":{"@type":"EntryPoint","urlTemplate":"https:\/\/www.musicaenaccion.com\/?s={search_term_string}"},"query-input":{"@type":"PropertyValueSpecification","valueRequired":true,"valueName":"search_term_string"}}],"inLanguage":"en-US"},{"@type":"Organization","@id":"https:\/\/www.musicaenaccion.com\/#organization","name":"Museo Interactivo de la M\u00fasica M\u00e1laga","url":"https:\/\/www.musicaenaccion.com\/","logo":{"@type":"ImageObject","inLanguage":"en-US","@id":"https:\/\/www.musicaenaccion.com\/#\/schema\/logo\/image\/","url":"https:\/\/www.musicaenaccion.com\/wp-content\/uploads\/2019\/01\/cabecera-blanco.jpg","contentUrl":"https:\/\/www.musicaenaccion.com\/wp-content\/uploads\/2019\/01\/cabecera-blanco.jpg","width":1920,"height":1080,"caption":"Museo Interactivo de la M\u00fasica M\u00e1laga"},"image":{"@id":"https:\/\/www.musicaenaccion.com\/#\/schema\/logo\/image\/"},"sameAs":["https:\/\/www.facebook.com\/MuseoMIMMA\/?epa=SEARCH_BOX","https:\/\/www.instagram.com\/mimmamuseo\/","https:\/\/www.linkedin.com\/in\/museointeractivodelamusica\/","https:\/\/www.pinterest.es\/mimmamuseo\/","https:\/\/www.youtube.com\/user\/musicaenaccion"]}]}},"_links":{"self":[{"href":"https:\/\/www.musicaenaccion.com\/en\/wp-json\/wp\/v2\/tribe_events\/26771","targetHints":{"allow":["GET"]}}],"collection":[{"href":"https:\/\/www.musicaenaccion.com\/en\/wp-json\/wp\/v2\/tribe_events"}],"about":[{"href":"https:\/\/www.musicaenaccion.com\/en\/wp-json\/wp\/v2\/types\/tribe_events"}],"author":[{"embeddable":true,"href":"https:\/\/www.musicaenaccion.com\/en\/wp-json\/wp\/v2\/users\/4"}],"replies":[{"embeddable":true,"href":"https:\/\/www.musicaenaccion.com\/en\/wp-json\/wp\/v2\/comments?post=26771"}],"version-history":[{"count":1,"href":"https:\/\/www.musicaenaccion.com\/en\/wp-json\/wp\/v2\/tribe_events\/26771\/revisions"}],"predecessor-version":[{"id":26774,"href":"https:\/\/www.musicaenaccion.com\/en\/wp-json\/wp\/v2\/tribe_events\/26771\/revisions\/26774"}],"wp:attachment":[{"href":"https:\/\/www.musicaenaccion.com\/en\/wp-json\/wp\/v2\/media?parent=26771"}],"wp:term":[{"taxonomy":"post_tag","embeddable":true,"href":"https:\/\/www.musicaenaccion.com\/en\/wp-json\/wp\/v2\/tags?post=26771"},{"taxonomy":"tribe_events_cat","embeddable":true,"href":"https:\/\/www.musicaenaccion.com\/en\/wp-json\/wp\/v2\/tribe_events_cat?post=26771"}],"curies":[{"name":"wp","href":"https:\/\/api.w.org\/{rel}","templated":true}]}}

<div id="cmsmasters_row_" class="cmsmasters_row cmsmasters_color_scheme_default cmsmasters_row_top_default cmsmasters_row_bot_default cmsmasters_row_boxed">
<div class="cmsmasters_row_outer_parent">
<div class="cmsmasters_row_outer">
<div class="cmsmasters_row_inner">
<div class="cmsmasters_row_margin">
<div id="cmsmasters_column_" class="cmsmasters_column one_first">
<div class="cmsmasters_column_inner"><div class="cmsmasters_text">
<h3><b>MICRÓFONO ABIERTO MIMMA</b></h3>
<h3><b>EL MUSEO INTERACTIVO DE LA MÚSICA DE MÁLAGA ABRE SU ESCENARIO A LOS TALENTOS LOCALES</b></h3>
<p><b>El MIMMA se complace en anunciar el lanzamiento de su nuevo proyecto «Micrófono abierto MIMMA», una iniciativa del departamento de educación que busca convertirse en un punto de encuentro vibrante para los artistas y amantes de la música en directo de la ciudad.</b></p>
<p>Consciente de la necesidad de espacios donde los artistas locales puedan compartir su arte y conectar con el público, el MIMMA transformará su sala <i>Living Lab </i>en un escenario abierto mensualmente a partir del próximo 29 de mayo a las 17:30.</p>
<p>Ofrecerá un formato íntimo y acústico, ideal para voces solistas e instrumentos. Esta propuesta, con una duración aproximada de una hora, está abierta a público de todas las edades, buscando así fomentar un ambiente joven, familiar y de disfrute musical intergeneracional.</p>
<p>Cada sesión dará la oportunidad a los participantes de mostrar su talento en directo, con actuaciones de una duración estimada de diez minutos. Los interesados en participar deberán inscribirse previamente a través de un formulario web, indicando sus datos, el título de la canción, el equipamiento que aportarán y sus necesidades técnicas.</p>
<p>El precio de la entrada para disfrutar de las sesiones de micrófono abierto, tanto para el público como para los artistas, será de 6 euros, incluyendo también la visita al museo. Se trata de que la experiencia musical sea completa junto con el espacio museístico  que la envuelve.</p>
<p>&nbsp;</p>
<p class="p1"><b></b><b>Aforo limitado a 80 personas</b></p>
</div>
</div></div>
</div>
</div>
</div>
</div>
</div>

<!-- This site is optimized with the Yoast SEO plugin v27.4 - https://yoast.com/product/yoast-seo-wordpress/ -->
<title>MICRO ABIERTO | Museo Interactivo de la Música</title>
<meta name="robots" content="index, follow, max-snippet:-1, max-image-preview:large, max-video-preview:-1" />
<link rel="canonical" href="https://www.musicaenaccion.com/eventos/micro-abierto-2/" />
<meta property="og:locale" content="en_US" />
<meta property="og:type" content="article" />
<meta property="og:title" content="MICRO ABIERTO | Museo Interactivo de la Música" />
<meta property="og:description" content="MICRO ABIERTO" />
<meta property="og:url" content="https://www.musicaenaccion.com/eventos/micro-abierto-2/" />
<meta property="og:site_name" content="Museo Interactivo de la Música" />
<meta property="article:publisher" content="https://www.facebook.com/MuseoMIMMA/?epa=SEARCH_BOX" />
<meta name="twitter:card" content="summary_large_image" />
<meta name="twitter:label1" content="Est. reading time" />
	<meta name="twitter:data1" content="2 minutes" />
<script type="application/ld+json" class="yoast-schema-graph">{"@context":"https:\/\/schema.org","@graph":[{"@type":"WebPage","@id":"https:\/\/www.musicaenaccion.com\/eventos\/micro-abierto-2\/","url":"https:\/\/www.musicaenaccion.com\/eventos\/micro-abierto-2\/","name":"MICRO ABIERTO | Museo Interactivo de la Música","isPartOf":{"@id":"https:\/\/www.musicaenaccion.com\/#website"},"datePublished":"2026-02-09T10:27:34+00:00","breadcrumb":{"@id":"https:\/\/www.musicaenaccion.com\/eventos\/micro-abierto-2\/#breadcrumb"},"inLanguage":"en-US","potentialAction":[{"@type":"ReadAction","target":["https:\/\/www.musicaenaccion.com\/eventos\/micro-abierto-2\/"]}]},{"@type":"BreadcrumbList","@id":"https:\/\/www.musicaenaccion.com\/eventos\/micro-abierto-2\/#breadcrumb","itemListElement":[{"@type":"ListItem","position":1,"name":"Portada","item":"https:\/\/www.musicaenaccion.com\/en\/"},{"@type":"ListItem","position":2,"name":"Eventos","item":"https:\/\/www.musicaenaccion.com\/eventos\/"},{"@type":"ListItem","position":3,"name":"MICRO ABIERTO"}]},{"@type":"WebSite","@id":"https:\/\/www.musicaenaccion.com\/#website","url":"https:\/\/www.musicaenaccion.com\/","name":"Museo Interactivo de la Música","description":"Se Ruega Tocar","publisher":{"@id":"https:\/\/www.musicaenaccion.com\/#organization"},"potentialAction":[{"@type":"SearchAction","target":{"@type":"EntryPoint","urlTemplate":"https:\/\/www.musicaenaccion.com\/?s={search_term_string}"},"query-input":{"@type":"PropertyValueSpecification","valueRequired":true,"valueName":"search_term_string"}}],"inLanguage":"en-US"},{"@type":"Organization","@id":"https:\/\/www.musicaenaccion.com\/#organization","name":"Museo Interactivo de la Música Málaga","url":"https:\/\/www.musicaenaccion.com\/","logo":{"@type":"ImageObject","inLanguage":"en-US","@id":"https:\/\/www.musicaenaccion.com\/#\/schema\/logo\/image\/","url":"https:\/\/www.musicaenaccion.com\/wp-content\/uploads\/2019\/01\/cabecera-blanco.jpg","contentUrl":"https:\/\/www.musicaenaccion.com\/wp-content\/uploads\/2019\/01\/cabecera-blanco.jpg","width":1920,"height":1080,"caption":"Museo Interactivo de la Música Málaga"},"image":{"@id":"https:\/\/www.musicaenaccion.com\/#\/schema\/logo\/image\/"},"sameAs":["https:\/\/www.facebook.com\/MuseoMIMMA\/?epa=SEARCH_BOX","https:\/\/www.instagram.com\/mimmamuseo\/","https:\/\/www.linkedin.com\/in\/museointeractivodelamusica\/","https:\/\/www.pinterest.es\/mimmamuseo\/","https:\/\/www.youtube.com\/user\/musicaenaccion"]}]}</script>
<!-- / Yoast SEO plugin. -->

MICRO ABIERTO | Museo Interactivo de la Música

Museo Interactivo de la Música

Museo Interactivo de la Música Málaga
