{"id":26762,"date":"2026-02-05T09:21:01","date_gmt":"2026-02-05T08:21:01","guid":{"rendered":"https:\/\/www.musicaenaccion.com\/?post_type=tribe_events&#038;p=26762"},"modified":"2026-02-05T09:21:01","modified_gmt":"2026-02-05T08:21:01","slug":"concierto-recital-de-piano","status":"publish","type":"tribe_events","link":"https:\/\/www.musicaenaccion.com\/en\/eventos\/concierto-recital-de-piano\/","title":{"rendered":"Concierto: Recital de Piano"},"content":{"rendered":"<div id=\"cmsmasters_row_\" class=\"cmsmasters_row cmsmasters_color_scheme_default cmsmasters_row_top_default cmsmasters_row_bot_default cmsmasters_row_boxed\">\n<div class=\"cmsmasters_row_outer_parent\">\n<div class=\"cmsmasters_row_outer\">\n<div class=\"cmsmasters_row_inner\">\n<div class=\"cmsmasters_row_margin\">\n<div id=\"cmsmasters_column_\" class=\"cmsmasters_column one_first\">\n<div class=\"cmsmasters_column_inner\"><div class=\"cmsmasters_text\">\n<p class=\"p1\">J\u00f3venes pianistas del CSM M\u00e1laga, alumnos del Catedr\u00e1tico de Antonio Ortiz, interpretar\u00e1n obras representativas del repertorio pian\u00edstico abarcando desde el barroco\u00a0hasta la m\u00fasica m\u00e1s actual.<br \/>\n<b><\/b><\/p>\n<p>&nbsp;<\/p>\n<p><b>Acceso con entrada al museo<\/b><\/p>\n<p class=\"p2\"><b>Aforo limitado a 80 personas<br \/>\n<\/b><\/p>\n<\/div>\n<\/div><\/div>\n<\/div>\n<\/div>\n<\/div>\n<\/div>\n<\/div>\n\n","protected":false},"excerpt":{"rendered":"<p>ACCESO CON LA ENTRADA AL MUSEO<\/p>\n","protected":false},"author":4,"featured_media":26763,"comment_status":"closed","ping_status":"closed","template":"","meta":{"_tribe_events_status":"","_tribe_events_status_reason":"","footnotes":""},"tags":[],"tribe_events_cat":[29],"class_list":["post-26762","tribe_events","type-tribe_events","status-publish","has-post-thumbnail","hentry","tribe_events_cat-conciertos","cat_conciertos"],"yoast_head":"<!-- This site is optimized with the Yoast SEO plugin v27.4 - https:\/\/yoast.com\/product\/yoast-seo-wordpress\/ -->\n<title>Concierto: Recital de Piano | Museo Interactivo de la M\u00fasica<\/title>\n<meta name=\"robots\" content=\"index, follow, max-snippet:-1, max-image-preview:large, max-video-preview:-1\" \/>\n<link rel=\"canonical\" href=\"https:\/\/www.musicaenaccion.com\/eventos\/concierto-recital-de-piano\/\" \/>\n<meta property=\"og:locale\" content=\"en_US\" \/>\n<meta property=\"og:type\" content=\"article\" \/>\n<meta property=\"og:title\" content=\"Concierto: Recital de Piano | Museo Interactivo de la M\u00fasica\" \/>\n<meta property=\"og:description\" content=\"ACCESO CON LA ENTRADA AL MUSEO\" \/>\n<meta property=\"og:url\" content=\"https:\/\/www.musicaenaccion.com\/eventos\/concierto-recital-de-piano\/\" \/>\n<meta property=\"og:site_name\" content=\"Museo Interactivo de la M\u00fasica\" \/>\n<meta property=\"article:publisher\" content=\"https:\/\/www.facebook.com\/MuseoMIMMA\/?epa=SEARCH_BOX\" \/>\n<meta property=\"og:image\" content=\"https:\/\/www.musicaenaccion.com\/wp-content\/uploads\/2026\/02\/Concierto-de-piano-scaled.jpg\" \/>\n\t<meta property=\"og:image:width\" content=\"1912\" \/>\n\t<meta property=\"og:image:height\" content=\"2560\" \/>\n\t<meta property=\"og:image:type\" content=\"image\/jpeg\" \/>\n<meta name=\"twitter:card\" content=\"summary_large_image\" \/>\n<meta name=\"twitter:label1\" content=\"Est. reading time\" \/>\n\t<meta name=\"twitter:data1\" content=\"1 minute\" \/>\n<script type=\"application\/ld+json\" class=\"yoast-schema-graph\">{\"@context\":\"https:\\\/\\\/schema.org\",\"@graph\":[{\"@type\":\"WebPage\",\"@id\":\"https:\\\/\\\/www.musicaenaccion.com\\\/eventos\\\/concierto-recital-de-piano\\\/\",\"url\":\"https:\\\/\\\/www.musicaenaccion.com\\\/eventos\\\/concierto-recital-de-piano\\\/\",\"name\":\"Concierto: Recital de Piano | Museo Interactivo de la M\u00fasica\",\"isPartOf\":{\"@id\":\"https:\\\/\\\/www.musicaenaccion.com\\\/#website\"},\"primaryImageOfPage\":{\"@id\":\"https:\\\/\\\/www.musicaenaccion.com\\\/eventos\\\/concierto-recital-de-piano\\\/#primaryimage\"},\"image\":{\"@id\":\"https:\\\/\\\/www.musicaenaccion.com\\\/eventos\\\/concierto-recital-de-piano\\\/#primaryimage\"},\"thumbnailUrl\":\"https:\\\/\\\/www.musicaenaccion.com\\\/wp-content\\\/uploads\\\/2026\\\/02\\\/Concierto-de-piano-scaled.jpg\",\"datePublished\":\"2026-02-05T08:21:01+00:00\",\"breadcrumb\":{\"@id\":\"https:\\\/\\\/www.musicaenaccion.com\\\/eventos\\\/concierto-recital-de-piano\\\/#breadcrumb\"},\"inLanguage\":\"en-US\",\"potentialAction\":[{\"@type\":\"ReadAction\",\"target\":[\"https:\\\/\\\/www.musicaenaccion.com\\\/eventos\\\/concierto-recital-de-piano\\\/\"]}]},{\"@type\":\"ImageObject\",\"inLanguage\":\"en-US\",\"@id\":\"https:\\\/\\\/www.musicaenaccion.com\\\/eventos\\\/concierto-recital-de-piano\\\/#primaryimage\",\"url\":\"https:\\\/\\\/www.musicaenaccion.com\\\/wp-content\\\/uploads\\\/2026\\\/02\\\/Concierto-de-piano-scaled.jpg\",\"contentUrl\":\"https:\\\/\\\/www.musicaenaccion.com\\\/wp-content\\\/uploads\\\/2026\\\/02\\\/Concierto-de-piano-scaled.jpg\",\"width\":1912,\"height\":2560},{\"@type\":\"BreadcrumbList\",\"@id\":\"https:\\\/\\\/www.musicaenaccion.com\\\/eventos\\\/concierto-recital-de-piano\\\/#breadcrumb\",\"itemListElement\":[{\"@type\":\"ListItem\",\"position\":1,\"name\":\"Portada\",\"item\":\"https:\\\/\\\/www.musicaenaccion.com\\\/en\\\/\"},{\"@type\":\"ListItem\",\"position\":2,\"name\":\"Eventos\",\"item\":\"https:\\\/\\\/www.musicaenaccion.com\\\/eventos\\\/\"},{\"@type\":\"ListItem\",\"position\":3,\"name\":\"Concierto: Recital de Piano\"}]},{\"@type\":\"WebSite\",\"@id\":\"https:\\\/\\\/www.musicaenaccion.com\\\/#website\",\"url\":\"https:\\\/\\\/www.musicaenaccion.com\\\/\",\"name\":\"Museo Interactivo de la M\u00fasica\",\"description\":\"Se Ruega Tocar\",\"publisher\":{\"@id\":\"https:\\\/\\\/www.musicaenaccion.com\\\/#organization\"},\"potentialAction\":[{\"@type\":\"SearchAction\",\"target\":{\"@type\":\"EntryPoint\",\"urlTemplate\":\"https:\\\/\\\/www.musicaenaccion.com\\\/?s={search_term_string}\"},\"query-input\":{\"@type\":\"PropertyValueSpecification\",\"valueRequired\":true,\"valueName\":\"search_term_string\"}}],\"inLanguage\":\"en-US\"},{\"@type\":\"Organization\",\"@id\":\"https:\\\/\\\/www.musicaenaccion.com\\\/#organization\",\"name\":\"Museo Interactivo de la M\u00fasica M\u00e1laga\",\"url\":\"https:\\\/\\\/www.musicaenaccion.com\\\/\",\"logo\":{\"@type\":\"ImageObject\",\"inLanguage\":\"en-US\",\"@id\":\"https:\\\/\\\/www.musicaenaccion.com\\\/#\\\/schema\\\/logo\\\/image\\\/\",\"url\":\"https:\\\/\\\/www.musicaenaccion.com\\\/wp-content\\\/uploads\\\/2019\\\/01\\\/cabecera-blanco.jpg\",\"contentUrl\":\"https:\\\/\\\/www.musicaenaccion.com\\\/wp-content\\\/uploads\\\/2019\\\/01\\\/cabecera-blanco.jpg\",\"width\":1920,\"height\":1080,\"caption\":\"Museo Interactivo de la M\u00fasica M\u00e1laga\"},\"image\":{\"@id\":\"https:\\\/\\\/www.musicaenaccion.com\\\/#\\\/schema\\\/logo\\\/image\\\/\"},\"sameAs\":[\"https:\\\/\\\/www.facebook.com\\\/MuseoMIMMA\\\/?epa=SEARCH_BOX\",\"https:\\\/\\\/www.instagram.com\\\/mimmamuseo\\\/\",\"https:\\\/\\\/www.linkedin.com\\\/in\\\/museointeractivodelamusica\\\/\",\"https:\\\/\\\/www.pinterest.es\\\/mimmamuseo\\\/\",\"https:\\\/\\\/www.youtube.com\\\/user\\\/musicaenaccion\"]}]}<\/script>\n<!-- \/ Yoast SEO plugin. -->","yoast_head_json":{"title":"Concierto: Recital de Piano | Museo Interactivo de la M\u00fasica","robots":{"index":"index","follow":"follow","max-snippet":"max-snippet:-1","max-image-preview":"max-image-preview:large","max-video-preview":"max-video-preview:-1"},"canonical":"https:\/\/www.musicaenaccion.com\/eventos\/concierto-recital-de-piano\/","og_locale":"en_US","og_type":"article","og_title":"Concierto: Recital de Piano | Museo Interactivo de la M\u00fasica","og_description":"ACCESO CON LA ENTRADA AL MUSEO","og_url":"https:\/\/www.musicaenaccion.com\/eventos\/concierto-recital-de-piano\/","og_site_name":"Museo Interactivo de la M\u00fasica","article_publisher":"https:\/\/www.facebook.com\/MuseoMIMMA\/?epa=SEARCH_BOX","og_image":[{"width":1912,"height":2560,"url":"https:\/\/www.musicaenaccion.com\/wp-content\/uploads\/2026\/02\/Concierto-de-piano-scaled.jpg","type":"image\/jpeg"}],"twitter_card":"summary_large_image","twitter_misc":{"Est. reading time":"1 minute"},"schema":{"@context":"https:\/\/schema.org","@graph":[{"@type":"WebPage","@id":"https:\/\/www.musicaenaccion.com\/eventos\/concierto-recital-de-piano\/","url":"https:\/\/www.musicaenaccion.com\/eventos\/concierto-recital-de-piano\/","name":"Concierto: Recital de Piano | Museo Interactivo de la M\u00fasica","isPartOf":{"@id":"https:\/\/www.musicaenaccion.com\/#website"},"primaryImageOfPage":{"@id":"https:\/\/www.musicaenaccion.com\/eventos\/concierto-recital-de-piano\/#primaryimage"},"image":{"@id":"https:\/\/www.musicaenaccion.com\/eventos\/concierto-recital-de-piano\/#primaryimage"},"thumbnailUrl":"https:\/\/www.musicaenaccion.com\/wp-content\/uploads\/2026\/02\/Concierto-de-piano-scaled.jpg","datePublished":"2026-02-05T08:21:01+00:00","breadcrumb":{"@id":"https:\/\/www.musicaenaccion.com\/eventos\/concierto-recital-de-piano\/#breadcrumb"},"inLanguage":"en-US","potentialAction":[{"@type":"ReadAction","target":["https:\/\/www.musicaenaccion.com\/eventos\/concierto-recital-de-piano\/"]}]},{"@type":"ImageObject","inLanguage":"en-US","@id":"https:\/\/www.musicaenaccion.com\/eventos\/concierto-recital-de-piano\/#primaryimage","url":"https:\/\/www.musicaenaccion.com\/wp-content\/uploads\/2026\/02\/Concierto-de-piano-scaled.jpg","contentUrl":"https:\/\/www.musicaenaccion.com\/wp-content\/uploads\/2026\/02\/Concierto-de-piano-scaled.jpg","width":1912,"height":2560},{"@type":"BreadcrumbList","@id":"https:\/\/www.musicaenaccion.com\/eventos\/concierto-recital-de-piano\/#breadcrumb","itemListElement":[{"@type":"ListItem","position":1,"name":"Portada","item":"https:\/\/www.musicaenaccion.com\/en\/"},{"@type":"ListItem","position":2,"name":"Eventos","item":"https:\/\/www.musicaenaccion.com\/eventos\/"},{"@type":"ListItem","position":3,"name":"Concierto: Recital de Piano"}]},{"@type":"WebSite","@id":"https:\/\/www.musicaenaccion.com\/#website","url":"https:\/\/www.musicaenaccion.com\/","name":"Museo Interactivo de la M\u00fasica","description":"Se Ruega Tocar","publisher":{"@id":"https:\/\/www.musicaenaccion.com\/#organization"},"potentialAction":[{"@type":"SearchAction","target":{"@type":"EntryPoint","urlTemplate":"https:\/\/www.musicaenaccion.com\/?s={search_term_string}"},"query-input":{"@type":"PropertyValueSpecification","valueRequired":true,"valueName":"search_term_string"}}],"inLanguage":"en-US"},{"@type":"Organization","@id":"https:\/\/www.musicaenaccion.com\/#organization","name":"Museo Interactivo de la M\u00fasica M\u00e1laga","url":"https:\/\/www.musicaenaccion.com\/","logo":{"@type":"ImageObject","inLanguage":"en-US","@id":"https:\/\/www.musicaenaccion.com\/#\/schema\/logo\/image\/","url":"https:\/\/www.musicaenaccion.com\/wp-content\/uploads\/2019\/01\/cabecera-blanco.jpg","contentUrl":"https:\/\/www.musicaenaccion.com\/wp-content\/uploads\/2019\/01\/cabecera-blanco.jpg","width":1920,"height":1080,"caption":"Museo Interactivo de la M\u00fasica M\u00e1laga"},"image":{"@id":"https:\/\/www.musicaenaccion.com\/#\/schema\/logo\/image\/"},"sameAs":["https:\/\/www.facebook.com\/MuseoMIMMA\/?epa=SEARCH_BOX","https:\/\/www.instagram.com\/mimmamuseo\/","https:\/\/www.linkedin.com\/in\/museointeractivodelamusica\/","https:\/\/www.pinterest.es\/mimmamuseo\/","https:\/\/www.youtube.com\/user\/musicaenaccion"]}]}},"_links":{"self":[{"href":"https:\/\/www.musicaenaccion.com\/en\/wp-json\/wp\/v2\/tribe_events\/26762","targetHints":{"allow":["GET"]}}],"collection":[{"href":"https:\/\/www.musicaenaccion.com\/en\/wp-json\/wp\/v2\/tribe_events"}],"about":[{"href":"https:\/\/www.musicaenaccion.com\/en\/wp-json\/wp\/v2\/types\/tribe_events"}],"author":[{"embeddable":true,"href":"https:\/\/www.musicaenaccion.com\/en\/wp-json\/wp\/v2\/users\/4"}],"replies":[{"embeddable":true,"href":"https:\/\/www.musicaenaccion.com\/en\/wp-json\/wp\/v2\/comments?post=26762"}],"version-history":[{"count":2,"href":"https:\/\/www.musicaenaccion.com\/en\/wp-json\/wp\/v2\/tribe_events\/26762\/revisions"}],"predecessor-version":[{"id":26770,"href":"https:\/\/www.musicaenaccion.com\/en\/wp-json\/wp\/v2\/tribe_events\/26762\/revisions\/26770"}],"wp:featuredmedia":[{"embeddable":true,"href":"https:\/\/www.musicaenaccion.com\/en\/wp-json\/wp\/v2\/media\/26763"}],"wp:attachment":[{"href":"https:\/\/www.musicaenaccion.com\/en\/wp-json\/wp\/v2\/media?parent=26762"}],"wp:term":[{"taxonomy":"post_tag","embeddable":true,"href":"https:\/\/www.musicaenaccion.com\/en\/wp-json\/wp\/v2\/tags?post=26762"},{"taxonomy":"tribe_events_cat","embeddable":true,"href":"https:\/\/www.musicaenaccion.com\/en\/wp-json\/wp\/v2\/tribe_events_cat?post=26762"}],"curies":[{"name":"wp","href":"https:\/\/api.w.org\/{rel}","templated":true}]}}

<div id="cmsmasters_row_" class="cmsmasters_row cmsmasters_color_scheme_default cmsmasters_row_top_default cmsmasters_row_bot_default cmsmasters_row_boxed">
<div class="cmsmasters_row_outer_parent">
<div class="cmsmasters_row_outer">
<div class="cmsmasters_row_inner">
<div class="cmsmasters_row_margin">
<div id="cmsmasters_column_" class="cmsmasters_column one_first">
<div class="cmsmasters_column_inner"><div class="cmsmasters_text">
<p class="p1">Jóvenes pianistas del CSM Málaga, alumnos del Catedrático de Antonio Ortiz, interpretarán obras representativas del repertorio pianístico abarcando desde el barroco hasta la música más actual.<br />
<b></b></p>
<p>&nbsp;</p>
<p><b>Acceso con entrada al museo</b></p>
<p class="p2"><b>Aforo limitado a 80 personas<br />
</b></p>
</div>
</div></div>
</div>
</div>
</div>
</div>
</div>

<!-- This site is optimized with the Yoast SEO plugin v27.4 - https://yoast.com/product/yoast-seo-wordpress/ -->
<title>Concierto: Recital de Piano | Museo Interactivo de la Música</title>
<meta name="robots" content="index, follow, max-snippet:-1, max-image-preview:large, max-video-preview:-1" />
<link rel="canonical" href="https://www.musicaenaccion.com/eventos/concierto-recital-de-piano/" />
<meta property="og:locale" content="en_US" />
<meta property="og:type" content="article" />
<meta property="og:title" content="Concierto: Recital de Piano | Museo Interactivo de la Música" />
<meta property="og:description" content="ACCESO CON LA ENTRADA AL MUSEO" />
<meta property="og:url" content="https://www.musicaenaccion.com/eventos/concierto-recital-de-piano/" />
<meta property="og:site_name" content="Museo Interactivo de la Música" />
<meta property="article:publisher" content="https://www.facebook.com/MuseoMIMMA/?epa=SEARCH_BOX" />
<meta property="og:image" content="https://www.musicaenaccion.com/wp-content/uploads/2026/02/Concierto-de-piano-scaled.jpg" />
	<meta property="og:image:width" content="1912" />
	<meta property="og:image:height" content="2560" />
	<meta property="og:image:type" content="image/jpeg" />
<meta name="twitter:card" content="summary_large_image" />
<meta name="twitter:label1" content="Est. reading time" />
	<meta name="twitter:data1" content="1 minute" />
<script type="application/ld+json" class="yoast-schema-graph">{"@context":"https:\/\/schema.org","@graph":[{"@type":"WebPage","@id":"https:\/\/www.musicaenaccion.com\/eventos\/concierto-recital-de-piano\/","url":"https:\/\/www.musicaenaccion.com\/eventos\/concierto-recital-de-piano\/","name":"Concierto: Recital de Piano | Museo Interactivo de la Música","isPartOf":{"@id":"https:\/\/www.musicaenaccion.com\/#website"},"primaryImageOfPage":{"@id":"https:\/\/www.musicaenaccion.com\/eventos\/concierto-recital-de-piano\/#primaryimage"},"image":{"@id":"https:\/\/www.musicaenaccion.com\/eventos\/concierto-recital-de-piano\/#primaryimage"},"thumbnailUrl":"https:\/\/www.musicaenaccion.com\/wp-content\/uploads\/2026\/02\/Concierto-de-piano-scaled.jpg","datePublished":"2026-02-05T08:21:01+00:00","breadcrumb":{"@id":"https:\/\/www.musicaenaccion.com\/eventos\/concierto-recital-de-piano\/#breadcrumb"},"inLanguage":"en-US","potentialAction":[{"@type":"ReadAction","target":["https:\/\/www.musicaenaccion.com\/eventos\/concierto-recital-de-piano\/"]}]},{"@type":"ImageObject","inLanguage":"en-US","@id":"https:\/\/www.musicaenaccion.com\/eventos\/concierto-recital-de-piano\/#primaryimage","url":"https:\/\/www.musicaenaccion.com\/wp-content\/uploads\/2026\/02\/Concierto-de-piano-scaled.jpg","contentUrl":"https:\/\/www.musicaenaccion.com\/wp-content\/uploads\/2026\/02\/Concierto-de-piano-scaled.jpg","width":1912,"height":2560},{"@type":"BreadcrumbList","@id":"https:\/\/www.musicaenaccion.com\/eventos\/concierto-recital-de-piano\/#breadcrumb","itemListElement":[{"@type":"ListItem","position":1,"name":"Portada","item":"https:\/\/www.musicaenaccion.com\/en\/"},{"@type":"ListItem","position":2,"name":"Eventos","item":"https:\/\/www.musicaenaccion.com\/eventos\/"},{"@type":"ListItem","position":3,"name":"Concierto: Recital de Piano"}]},{"@type":"WebSite","@id":"https:\/\/www.musicaenaccion.com\/#website","url":"https:\/\/www.musicaenaccion.com\/","name":"Museo Interactivo de la Música","description":"Se Ruega Tocar","publisher":{"@id":"https:\/\/www.musicaenaccion.com\/#organization"},"potentialAction":[{"@type":"SearchAction","target":{"@type":"EntryPoint","urlTemplate":"https:\/\/www.musicaenaccion.com\/?s={search_term_string}"},"query-input":{"@type":"PropertyValueSpecification","valueRequired":true,"valueName":"search_term_string"}}],"inLanguage":"en-US"},{"@type":"Organization","@id":"https:\/\/www.musicaenaccion.com\/#organization","name":"Museo Interactivo de la Música Málaga","url":"https:\/\/www.musicaenaccion.com\/","logo":{"@type":"ImageObject","inLanguage":"en-US","@id":"https:\/\/www.musicaenaccion.com\/#\/schema\/logo\/image\/","url":"https:\/\/www.musicaenaccion.com\/wp-content\/uploads\/2019\/01\/cabecera-blanco.jpg","contentUrl":"https:\/\/www.musicaenaccion.com\/wp-content\/uploads\/2019\/01\/cabecera-blanco.jpg","width":1920,"height":1080,"caption":"Museo Interactivo de la Música Málaga"},"image":{"@id":"https:\/\/www.musicaenaccion.com\/#\/schema\/logo\/image\/"},"sameAs":["https:\/\/www.facebook.com\/MuseoMIMMA\/?epa=SEARCH_BOX","https:\/\/www.instagram.com\/mimmamuseo\/","https:\/\/www.linkedin.com\/in\/museointeractivodelamusica\/","https:\/\/www.pinterest.es\/mimmamuseo\/","https:\/\/www.youtube.com\/user\/musicaenaccion"]}]}</script>
<!-- / Yoast SEO plugin. -->

Concierto: Recital de Piano | Museo Interactivo de la Música

Museo Interactivo de la Música

Museo Interactivo de la Música Málaga
